{"id":2260,"date":"2026-02-09T12:56:06","date_gmt":"2026-02-09T12:56:06","guid":{"rendered":"https:\/\/ajaimes.inscastellbisbal.net\/?page_id=2260"},"modified":"2026-04-21T09:01:14","modified_gmt":"2026-04-21T09:01:14","slug":"creation-of-a-cover-letter-in-english","status":"publish","type":"page","link":"https:\/\/ajaimes.inscastellbisbal.net\/?page_id=2260","title":{"rendered":"Creation of a cover letter in English"},"content":{"rendered":"\n<p>I am a student of the intermediate training cycle of Microcomputer Systems and Networks at the Castellbisbal Institute and I believe that opportunities in the technology sector will allow me to apply the knowledge acquired so far, while helping me to grow professionally within the world of computer science.<\/p>\n\n\n\n<p>During my training I have acquired competencies in areas such as the installation, configuration and maintenance of computer systems, the resolution of incidents, the work with networks and communication devices, server management and configuration of local networks.<\/p>\n\n\n\n<p>The projects carried out during the course, such as the configuration of Debian servers with Moodle and Nextcloud, the assembly of networks for technological events and the creation of work infrastructures, have allowed me to apply theoretical knowledge to real situations and develop my ability to solve problems.<\/p>\n\n\n\n<p>My personal qualities such as responsibility, organization, critical thinking, proactivity and commitment allow me to successfully face new challenges and complete tasks effectively. My vocation is to continue learning and improve my technical skills in a professional environment.<\/p>\n\n\n\n<p>One of my greatest professional aspirations is to work in a video game company, with the aim of contributing to the development of a nonlinear and immersive MMORPG in virtual reality (VR+). I strongly believe that the intersection between network technology, computer systems and the world of video games represents the future of the sector, and I want to be an active part of it.<\/p>\n\n\n\n<p>I would be happy to be able to contribute to technological projects and gain more experience with professionals in the sector. I am at the disposal for a personal interview in which we can talk more in detail about my training and my professional profile.<\/p>\n\n\n\n<p><\/p>\n","protected":false},"excerpt":{"rendered":"<p>I am a student of the intermediate training cycle of Microcomputer Systems and Networks at the Castellbisbal Institute and I believe that opportunities in the technology sector will allow me to apply the knowledge acquired so far, while helping me to grow professionally within the world of computer science. During my training I have acquired [&hellip;]<\/p>\n","protected":false},"author":1,"featured_media":0,"parent":2256,"menu_order":0,"comment_status":"closed","ping_status":"closed","template":"","meta":{"saved_in_kubio":false,"_dseop_meta":"{\"noFollowLinks\":{\"linkList\":[],\"ignoredGlobalDomains\":[],\"textboxValue\":\"\"},\"schemaMarkup\":{\"schemas\":[{\"templateId\":\"WebpageSchema\",\"name\":\"Webpage\",\"id\":\"WebpageSchema\",\"schemaData\":{\"@type\":\"WebPage\",\"@id\":\"\",\"name\":\"\",\"url\":\"\",\"description\":\"\",\"breadcrumb\":{\"@type\":\"BreadcrumbList\",\"@id\":\"\"},\"datePublished\":\"\",\"dateModified\":\"\",\"inLanguage\":\"\"}}],\"schemaTemplates\":[]},\"metaDescription\":{\"metaData\":[]},\"keywordAppearance\":{\"contentDetails\":[{\"name\":\"Word count\",\"count\":282,\"id\":\"wordCount\",\"status\":\"average\",\"detailStatus\":\"shortAverage\",\"tooltip\":\"words count should be greater then 1500.\"},{\"id\":\"heading1\",\"name\":\"heading 1\",\"count\":1,\"status\":\"excellent\",\"detailStatus\":\"excellent\",\"tooltip\":\"good use of h1 tag.\"},{\"id\":\"heading2\",\"name\":\"heading 2\",\"count\":0,\"status\":\"poor\",\"detailStatus\":\"missing\",\"tooltip\":\"web page should have h2 tags for better SEO\"},{\"id\":\"heading3\",\"name\":\"heading 3\",\"count\":0,\"status\":\"poor\",\"detailStatus\":\"missing\",\"tooltip\":\"web page should have h3 tags for better SEO\"},{\"id\":\"paragraphTags\",\"name\":\"paragraph tags\",\"count\":6,\"status\":\"excellent\",\"detailStatus\":\"excellent\",\"tooltip\":\"good use of paragraph tags.\"},{\"id\":\"boldAndStrongTags\",\"name\":\"bold and strong tags list\",\"count\":0,\"status\":\"success\",\"detailStatus\":\"success\",\"tooltip\":\"web page should have bold and strong tags for better SEO\"},{\"name\":\"Avg. Stopword percentage\",\"count\":48,\"id\":\"averageStopwordPercentage\"},{\"name\":\"Avg. Words per sentence\",\"count\":31,\"id\":\"averageWordsPerSentence\"},{\"name\":\"Stopword count\",\"count\":136,\"id\":\"sentenceCount\"},{\"name\":\"Sentence count\",\"count\":9,\"id\":\"sentenceCount\"},{\"name\":\"Letter count\",\"count\":1503,\"id\":\"letterCount\"},{\"name\":\"Difficult word\",\"count\":57,\"id\":\"difficultWord\"}],\"advanceOptions\":[],\"modifyStopwords\":{\"customStopwords\":[],\"disabledStopwords\":[]}},\"socialMedia\":{\"openGraphData\":[],\"twitterData\":{\"xSummaryCardData\":[],\"xAppCardData\":{\"iphoneAppName\":\"\",\"iphoneAppId\":\"\",\"iphoneAppUrl\":\"\",\"ipadAppName\":\"\",\"ipadAppId\":\"\",\"ipadAppUrl\":\"\",\"googlePlayAppName\":\"\",\"googlePlayAppId\":\"\",\"googlePlayAppUrl\":\"\",\"appCountry\":\"\"},\"xPlayerCardData\":{\"player\":\"\",\"playerWidth\":\"\",\"streamUrl\":\"\",\"streamContentType\":\"\"}}},\"readability\":{\"readabilityFactorList\":[{\"helpLink\":\"link\",\"isError\":true,\"name\":\"Flesch - Kincaid reading ease\",\"score\":16.93,\"description\":\"The Flesch-Kincaid Reading Ease score measures the readability of your text. A higher score indicates easier-to-read content. Aim for a score between 60 and 70 for most web content.\",\"grade\":\"Very Difficult (College Graduate)\"},{\"helpLink\":\"link\",\"isError\":true,\"name\":\"Gunning fog score\",\"score\":20.62,\"description\":\"The Gunning Fog Score estimates the years of formal education needed to understand your text. Lower scores indicate easier readability. Aim for a score of 7 to 8 for general audiences.\",\"grade\":\"College Graduate (Grade 17+)\"},{\"helpLink\":\"link\",\"isError\":false,\"name\":\"Coleman liau index\",\"score\":14.59,\"description\":\"The Coleman-Liau Index calculates readability based on characters per word and sentence length. It estimates the U.S. school grade level required to comprehend the text. A lower score suggests easier content.\",\"grade\":\"College (Grade 13-16)\"},{\"helpLink\":\"link\",\"isError\":false,\"name\":\"Flesch - Kincaid grade level\",\"score\":18.68,\"description\":\"The Flesch-Kincaid Grade Level formula evaluates the readability of your text by calculating the U.S. school grade level. A lower grade level indicates easier readability.\",\"grade\":\"College Graduate (Grade 17+)\"},{\"helpLink\":\"link\",\"isError\":false,\"name\":\"Smog index\",\"score\":17.51,\"description\":\"The SMOG (Simple Measure of Gobbledygook) Index estimates the years of education a person needs to understand a text. A lower score means simpler text, while a higher score suggests more complex content.\",\"grade\":\"College Graduate (Grade 17+)\"},{\"helpLink\":\"link\",\"isError\":false,\"name\":\"Automated readability index\",\"score\":19.34,\"description\":\"The Automated Readability Index calculates the readability of your content using characters per word and words per sentence. It estimates the U.S. school grade level needed to understand the text.\",\"grade\":\"College Graduate (Grade 17+)\"},{\"helpLink\":\"link\",\"isError\":false,\"name\":\"Dale chall readability score\",\"score\":8.38,\"description\":\"The Dale-Chall Readability Score evaluates the readability of your text based on familiar words and sentence structure. A lower score indicates that the content is easier to read.\",\"grade\":\"11th-12th grade\"},{\"helpLink\":\"link\",\"isError\":false,\"name\":\"Spache readability score\",\"score\":4.45,\"description\":\"The Spache Readability Score measures the readability of texts for younger readers. It identifies words that are unfamiliar to children and calculates a score accordingly. A lower score indicates easier content.\",\"grade\":\"4th grade\"}]},\"advanceSetting\":{\"advanceRobotsMeta\":[],\"breadcrumbTitle\":\"\",\"canonicalURL\":\"\",\"criticalOptions\":[]},\"scoring\":{\"subScoring\":{\"metaDescriptionScore\":7,\"schemaMarkupScore\":8,\"outwardInterlinkingScore\":0,\"inwardInterlinkingScore\":0,\"socialMediaScore\":3,\"misspelledWordsScore\":0,\"advanceSettingScore\":3,\"noFollowLinksScore\":0,\"keywordAppearanceScore\":1,\"imageAnalyticsScore\":0},\"singlePostScore\":34},\"misspelledWords\":[],\"pointsToImprove\":{\"count\":{\"criticalPointsCount\":0,\"recommendedPointsCount\":0},\"pointsToImproveDetails\":{\"searchEngineAppearance\":[{\"id\":\"recommended_keyword_missing_meta_title\",\"name\":{\"label\":\"Keyword is missing in meta title.\"},\"type\":\"Critical\",\"priority\":\"too_high\"},{\"id\":\"critical_meta_description_missing\",\"name\":{\"label\":\"Meta Description is missing\"},\"type\":\"Critical\"},{\"id\":\"recommended_keyword_missing_permalink\",\"name\":{\"label\":\"Keyword is missing in permalink.\"},\"type\":\"Critical\"}],\"searchEngineVisibility\":[],\"redirectedLink301\":[],\"socialMedia\":[{\"id\":\"critical_missing_social_media_image\",\"name\":{\"label\":\"Image is missing in social media appearance.\"},\"type\":\"Critical\",\"priority\":\"high\"},{\"id\":\"recommended_keyword_missing_open_graph_title\",\"name\":{\"label\":\"Keyword is missing in social media title.\"},\"type\":\"Recommended\"},{\"id\":\"critical_missing_social_media_description\",\"name\":{\"label\":\"Description is missing in social media appearance.\"},\"type\":\"Critical\",\"priority\":\"high\"},{\"id\":\"critical_missing_social_media_twitter_image\",\"name\":{\"label\":\"X(Twitter) image is missing in social media appearance.\"},\"type\":\"Critical\",\"priority\":\"high\"},{\"id\":\"recommended_keyword_missing_twitter_title\",\"name\":{\"label\":\"Keyword is missing in X(Twitter) title.\"},\"type\":\"Recommended\"},{\"id\":\"critical_missing_social_media_twitter_description\",\"name\":{\"label\":\"X(Twitter) description is missing in social media appearance.\"},\"type\":\"Critical\"}],\"noFollowLink\":[],\"misspelledWords\":[],\"inwardLinks\":[],\"outwardLinks\":[],\"keywordAppearance\":[{\"id\":\"critical_no_selected_keyword\",\"name\":{\"label\":\"Selected keyword missing in keyword appearance.\"},\"type\":\"Critical\",\"priority\":\"too_high\"},{\"id\":\"critical_word_count_is_low\",\"name\":{\"label\":\"Word count is low in your content add more words.\"},\"type\":\"Recommended\"},{\"id\":\"critical_heading2_is_missing\",\"name\":{\"label\":\"Missing H2 tags, which are important for content structure.\"},\"type\":\"Critical\",\"priority\":\"high\"},{\"id\":\"critical_heading3_is_missing\",\"name\":{\"label\":\"Missing H3 tags, consider adding H3 for better SEO.\"},\"type\":\"Critical\"}],\"advanceSettings\":[],\"schemaMarkup\":[],\"imageAnalytics\":[{\"id\":\"critical_no_images_in_your_content\",\"name\":{\"label\":\"There is no images in your content.\"},\"type\":\"Critical\",\"priority\":\"high\"}],\"productGtins\":[]}},\"imageAnalytics\":{\"imageAnalysis\":[{\"id\":\"TotalImages\",\"name\":\"Total images\",\"value\":\"0\"},{\"id\":\"ImagesHasTitle\",\"name\":\"Images has title\",\"value\":\"0\",\"outOff\":\"0\",\"status\":\"disabled\"},{\"id\":\"ImageHasAltAttribute\",\"name\":\"Images has alt\",\"value\":\"0\",\"outOff\":\"0\",\"status\":\"disabled\"},{\"id\":\"ImagesHasProperFileName\",\"name\":\"Images has proper filename format\",\"value\":\"0\",\"outOff\":\"0\",\"status\":\"disabled\"},{\"id\":\"KeywordInTitleAttribute\",\"name\":\"Keyword in image title\",\"value\":\"0\",\"outOff\":\"0\",\"status\":\"disabled\"},{\"id\":\"KeywordInAltAttribute\",\"name\":\"Keyword in image Alt\",\"value\":\"0\",\"outOff\":\"0\",\"status\":\"disabled\"},{\"id\":\"KeywordInFilename\",\"name\":\"Keyword in image filename\",\"value\":\"0\",\"outOff\":\"0\",\"status\":\"disabled\"}]}}","_dseop_selected_keywords":"","footnotes":""},"class_list":["post-2260","page","type-page","status-publish","hentry"],"kubio_ai_page_context":{"short_desc":"","purpose":"general"},"yoast_head":"<!-- This site is optimized with the Yoast SEO plugin v27.5 - https:\/\/yoast.com\/product\/yoast-seo-wordpress\/ -->\n<title>Creation of a cover letter in English - Adrian Jaimes<\/title>\n<meta name=\"robots\" content=\"index, follow, max-snippet:-1, max-image-preview:large, max-video-preview:-1\" \/>\n<link rel=\"canonical\" href=\"https:\/\/ajaimes.inscastellbisbal.net\/?page_id=2260\" \/>\n<meta property=\"og:locale\" content=\"ca_ES\" \/>\n<meta property=\"og:type\" content=\"article\" \/>\n<meta property=\"og:title\" content=\"Creation of a cover letter in English - Adrian Jaimes\" \/>\n<meta property=\"og:description\" content=\"I am a student of the intermediate training cycle of Microcomputer Systems and Networks at the Castellbisbal Institute and I believe that opportunities in the technology sector will allow me to apply the knowledge acquired so far, while helping me to grow professionally within the world of computer science. During my training I have acquired [&hellip;]\" \/>\n<meta property=\"og:url\" content=\"https:\/\/ajaimes.inscastellbisbal.net\/?page_id=2260\" \/>\n<meta property=\"og:site_name\" content=\"Adrian Jaimes\" \/>\n<meta property=\"article:modified_time\" content=\"2026-04-21T09:01:14+00:00\" \/>\n<meta name=\"twitter:card\" content=\"summary_large_image\" \/>\n<meta name=\"twitter:label1\" content=\"Temps estimat de lectura\" \/>\n\t<meta name=\"twitter:data1\" content=\"2 minuts\" \/>\n<script type=\"application\/ld+json\" class=\"yoast-schema-graph\">{\"@context\":\"https:\\\/\\\/schema.org\",\"@graph\":[{\"@type\":\"WebPage\",\"@id\":\"https:\\\/\\\/ajaimes.inscastellbisbal.net\\\/?page_id=2260\",\"url\":\"https:\\\/\\\/ajaimes.inscastellbisbal.net\\\/?page_id=2260\",\"name\":\"Creation of a cover letter in English - Adrian Jaimes\",\"isPartOf\":{\"@id\":\"https:\\\/\\\/ajaimes.inscastellbisbal.net\\\/#website\"},\"datePublished\":\"2026-02-09T12:56:06+00:00\",\"dateModified\":\"2026-04-21T09:01:14+00:00\",\"breadcrumb\":{\"@id\":\"https:\\\/\\\/ajaimes.inscastellbisbal.net\\\/?page_id=2260#breadcrumb\"},\"inLanguage\":\"ca\",\"potentialAction\":[{\"@type\":\"ReadAction\",\"target\":[\"https:\\\/\\\/ajaimes.inscastellbisbal.net\\\/?page_id=2260\"]}]},{\"@type\":\"BreadcrumbList\",\"@id\":\"https:\\\/\\\/ajaimes.inscastellbisbal.net\\\/?page_id=2260#breadcrumb\",\"itemListElement\":[{\"@type\":\"ListItem\",\"position\":1,\"name\":\"Inici\",\"item\":\"https:\\\/\\\/ajaimes.inscastellbisbal.net\\\/\"},{\"@type\":\"ListItem\",\"position\":2,\"name\":\"1r SMX\",\"item\":\"https:\\\/\\\/ajaimes.inscastellbisbal.net\\\/?page_id=1084\"},{\"@type\":\"ListItem\",\"position\":3,\"name\":\"Repte 1.4\",\"item\":\"https:\\\/\\\/ajaimes.inscastellbisbal.net\\\/?page_id=1496\"},{\"@type\":\"ListItem\",\"position\":4,\"name\":\"6\ufe0f\u20e3 &#8211; \ud83d\udc82\u200d\u2642\ufe0f\u200b &#8211; Internacionalitzaci\u00f3\",\"item\":\"https:\\\/\\\/ajaimes.inscastellbisbal.net\\\/?page_id=2256\"},{\"@type\":\"ListItem\",\"position\":5,\"name\":\"Creation of a cover letter in English\"}]},{\"@type\":\"WebSite\",\"@id\":\"https:\\\/\\\/ajaimes.inscastellbisbal.net\\\/#website\",\"url\":\"https:\\\/\\\/ajaimes.inscastellbisbal.net\\\/\",\"name\":\"Adrian Jaimes\",\"description\":\"S\u00f3c estudiant d&#039;inform\u00e0tica i aqu\u00ed podr\u00e0s veure el meu cam\u00ed acad\u00e8mic, els projectes que he realitzat i els coneixements que he adquirit durant la meva formaci\u00f3. Aquesta p\u00e0gina \u00e9s un reflex de la meva passi\u00f3 per la tecnologia i el meu comprom\u00eds per seguir aprenent i millorant cada dia.  Explora els meus treballs i seguiment acad\u00e8mic!\",\"publisher\":{\"@id\":\"https:\\\/\\\/ajaimes.inscastellbisbal.net\\\/#organization\"},\"potentialAction\":[{\"@type\":\"SearchAction\",\"target\":{\"@type\":\"EntryPoint\",\"urlTemplate\":\"https:\\\/\\\/ajaimes.inscastellbisbal.net\\\/?s={search_term_string}\"},\"query-input\":{\"@type\":\"PropertyValueSpecification\",\"valueRequired\":true,\"valueName\":\"search_term_string\"}}],\"inLanguage\":\"ca\"},{\"@type\":\"Organization\",\"@id\":\"https:\\\/\\\/ajaimes.inscastellbisbal.net\\\/#organization\",\"name\":\"Adrian Jaimes\",\"url\":\"https:\\\/\\\/ajaimes.inscastellbisbal.net\\\/\",\"logo\":{\"@type\":\"ImageObject\",\"inLanguage\":\"ca\",\"@id\":\"https:\\\/\\\/ajaimes.inscastellbisbal.net\\\/#\\\/schema\\\/logo\\\/image\\\/\",\"url\":\"https:\\\/\\\/ajaimes.inscastellbisbal.net\\\/wp-content\\\/uploads\\\/2025\\\/12\\\/cropped-cropped-cropped-width_550_009.webp\",\"contentUrl\":\"https:\\\/\\\/ajaimes.inscastellbisbal.net\\\/wp-content\\\/uploads\\\/2025\\\/12\\\/cropped-cropped-cropped-width_550_009.webp\",\"width\":512,\"height\":512,\"caption\":\"Adrian Jaimes\"},\"image\":{\"@id\":\"https:\\\/\\\/ajaimes.inscastellbisbal.net\\\/#\\\/schema\\\/logo\\\/image\\\/\"}}]}<\/script>\n<!-- \/ Yoast SEO plugin. -->","yoast_head_json":{"title":"Creation of a cover letter in English - Adrian Jaimes","robots":{"index":"index","follow":"follow","max-snippet":"max-snippet:-1","max-image-preview":"max-image-preview:large","max-video-preview":"max-video-preview:-1"},"canonical":"https:\/\/ajaimes.inscastellbisbal.net\/?page_id=2260","og_locale":"ca_ES","og_type":"article","og_title":"Creation of a cover letter in English - Adrian Jaimes","og_description":"I am a student of the intermediate training cycle of Microcomputer Systems and Networks at the Castellbisbal Institute and I believe that opportunities in the technology sector will allow me to apply the knowledge acquired so far, while helping me to grow professionally within the world of computer science. During my training I have acquired [&hellip;]","og_url":"https:\/\/ajaimes.inscastellbisbal.net\/?page_id=2260","og_site_name":"Adrian Jaimes","article_modified_time":"2026-04-21T09:01:14+00:00","twitter_card":"summary_large_image","twitter_misc":{"Temps estimat de lectura":"2 minuts"},"schema":{"@context":"https:\/\/schema.org","@graph":[{"@type":"WebPage","@id":"https:\/\/ajaimes.inscastellbisbal.net\/?page_id=2260","url":"https:\/\/ajaimes.inscastellbisbal.net\/?page_id=2260","name":"Creation of a cover letter in English - Adrian Jaimes","isPartOf":{"@id":"https:\/\/ajaimes.inscastellbisbal.net\/#website"},"datePublished":"2026-02-09T12:56:06+00:00","dateModified":"2026-04-21T09:01:14+00:00","breadcrumb":{"@id":"https:\/\/ajaimes.inscastellbisbal.net\/?page_id=2260#breadcrumb"},"inLanguage":"ca","potentialAction":[{"@type":"ReadAction","target":["https:\/\/ajaimes.inscastellbisbal.net\/?page_id=2260"]}]},{"@type":"BreadcrumbList","@id":"https:\/\/ajaimes.inscastellbisbal.net\/?page_id=2260#breadcrumb","itemListElement":[{"@type":"ListItem","position":1,"name":"Inici","item":"https:\/\/ajaimes.inscastellbisbal.net\/"},{"@type":"ListItem","position":2,"name":"1r SMX","item":"https:\/\/ajaimes.inscastellbisbal.net\/?page_id=1084"},{"@type":"ListItem","position":3,"name":"Repte 1.4","item":"https:\/\/ajaimes.inscastellbisbal.net\/?page_id=1496"},{"@type":"ListItem","position":4,"name":"6\ufe0f\u20e3 &#8211; \ud83d\udc82\u200d\u2642\ufe0f\u200b &#8211; Internacionalitzaci\u00f3","item":"https:\/\/ajaimes.inscastellbisbal.net\/?page_id=2256"},{"@type":"ListItem","position":5,"name":"Creation of a cover letter in English"}]},{"@type":"WebSite","@id":"https:\/\/ajaimes.inscastellbisbal.net\/#website","url":"https:\/\/ajaimes.inscastellbisbal.net\/","name":"Adrian Jaimes","description":"S\u00f3c estudiant d&#039;inform\u00e0tica i aqu\u00ed podr\u00e0s veure el meu cam\u00ed acad\u00e8mic, els projectes que he realitzat i els coneixements que he adquirit durant la meva formaci\u00f3. Aquesta p\u00e0gina \u00e9s un reflex de la meva passi\u00f3 per la tecnologia i el meu comprom\u00eds per seguir aprenent i millorant cada dia.  Explora els meus treballs i seguiment acad\u00e8mic!","publisher":{"@id":"https:\/\/ajaimes.inscastellbisbal.net\/#organization"},"potentialAction":[{"@type":"SearchAction","target":{"@type":"EntryPoint","urlTemplate":"https:\/\/ajaimes.inscastellbisbal.net\/?s={search_term_string}"},"query-input":{"@type":"PropertyValueSpecification","valueRequired":true,"valueName":"search_term_string"}}],"inLanguage":"ca"},{"@type":"Organization","@id":"https:\/\/ajaimes.inscastellbisbal.net\/#organization","name":"Adrian Jaimes","url":"https:\/\/ajaimes.inscastellbisbal.net\/","logo":{"@type":"ImageObject","inLanguage":"ca","@id":"https:\/\/ajaimes.inscastellbisbal.net\/#\/schema\/logo\/image\/","url":"https:\/\/ajaimes.inscastellbisbal.net\/wp-content\/uploads\/2025\/12\/cropped-cropped-cropped-width_550_009.webp","contentUrl":"https:\/\/ajaimes.inscastellbisbal.net\/wp-content\/uploads\/2025\/12\/cropped-cropped-cropped-width_550_009.webp","width":512,"height":512,"caption":"Adrian Jaimes"},"image":{"@id":"https:\/\/ajaimes.inscastellbisbal.net\/#\/schema\/logo\/image\/"}}]}},"jetpack_sharing_enabled":true,"_links":{"self":[{"href":"https:\/\/ajaimes.inscastellbisbal.net\/index.php?rest_route=\/wp\/v2\/pages\/2260","targetHints":{"allow":["GET"]}}],"collection":[{"href":"https:\/\/ajaimes.inscastellbisbal.net\/index.php?rest_route=\/wp\/v2\/pages"}],"about":[{"href":"https:\/\/ajaimes.inscastellbisbal.net\/index.php?rest_route=\/wp\/v2\/types\/page"}],"author":[{"embeddable":true,"href":"https:\/\/ajaimes.inscastellbisbal.net\/index.php?rest_route=\/wp\/v2\/users\/1"}],"replies":[{"embeddable":true,"href":"https:\/\/ajaimes.inscastellbisbal.net\/index.php?rest_route=%2Fwp%2Fv2%2Fcomments&post=2260"}],"version-history":[{"count":2,"href":"https:\/\/ajaimes.inscastellbisbal.net\/index.php?rest_route=\/wp\/v2\/pages\/2260\/revisions"}],"predecessor-version":[{"id":3058,"href":"https:\/\/ajaimes.inscastellbisbal.net\/index.php?rest_route=\/wp\/v2\/pages\/2260\/revisions\/3058"}],"up":[{"embeddable":true,"href":"https:\/\/ajaimes.inscastellbisbal.net\/index.php?rest_route=\/wp\/v2\/pages\/2256"}],"wp:attachment":[{"href":"https:\/\/ajaimes.inscastellbisbal.net\/index.php?rest_route=%2Fwp%2Fv2%2Fmedia&parent=2260"}],"curies":[{"name":"wp","href":"https:\/\/api.w.org\/{rel}","templated":true}]}}