{"id":1561,"date":"2026-01-16T07:51:52","date_gmt":"2026-01-16T07:51:52","guid":{"rendered":"https:\/\/ajaimes.inscastellbisbal.net\/?page_id=1561"},"modified":"2026-02-09T07:29:32","modified_gmt":"2026-02-09T07:29:32","slug":"gravar-un-videomissatge-donant-la-benvinguda-als-participants-internacionals","status":"publish","type":"page","link":"https:\/\/ajaimes.inscastellbisbal.net\/?page_id=1561","title":{"rendered":"Gravar un videomissatge donant la benvinguda als participants internacionals"},"content":{"rendered":"\n<p><\/p>\n\n\n\n<p><\/p>\n\n\n\n<p><\/p>\n\n\n\n<p><\/p>\n\n\n\n<p><\/p>\n\n\n\n<p class=\"has-primary-color has-accent-3-background-color has-text-color has-background has-link-color has-mdm-large-font-size wp-elements-157f3d8f4902269d7d748c8265a42713\">This practice, carried out by our group consisting of Hiba, Sergi, and myself, Adrian, involves <strong>recording a video message in English<\/strong> aimed at welcoming international participants. The project is part of a professional activity that seeks to develop communicative competencies in international contexts.<\/p>\n\n\n\n<p><\/p>\n\n\n\n\n\n\n\n<p><\/p>\n\n\n\n<p class=\"has-text-align-center has-primary-color has-text-color has-link-color has-large-font-size wp-elements-755ea05595e1fdd853053ecb9b0a4aa1\" style=\"border-top-left-radius:0px;border-top-right-radius:0px;border-bottom-left-radius:0px;border-bottom-right-radius:0px;margin-top:0;margin-right:0;margin-bottom:0;margin-left:0\"><\/p>\n\n\n\n<p class=\"has-text-align-center has-primary-color has-accent-3-background-color has-text-color has-background has-link-color has-x-large-font-size wp-elements-738615aa5a74556ff7b092bccdf06aa9\">The video message<\/p>\n\n\n\n<p><\/p>\n\n\n\n\n\n<p><\/p>\n\n\n\n<p><\/p>\n\n\n\n<figure class=\"wp-block-embed is-type-video is-provider-youtube wp-block-embed-youtube wp-embed-aspect-16-9 wp-has-aspect-ratio\"><div class=\"wp-block-embed__wrapper\">\n<iframe loading=\"lazy\" title=\"englsih vedio introducion\" width=\"500\" height=\"281\" src=\"https:\/\/www.youtube.com\/embed\/7uc_QvggzgQ?feature=oembed\" frameborder=\"0\" allow=\"accelerometer; autoplay; clipboard-write; encrypted-media; gyroscope; picture-in-picture; web-share\" referrerpolicy=\"strict-origin-when-cross-origin\" allowfullscreen><\/iframe>\n<\/div><\/figure>\n\n\n\n<p><\/p>\n\n\n\n\n\n<p><\/p>\n\n\n\n<p><\/p>\n\n\n\n<p><\/p>\n\n\n\n<h3 class=\"wp-block-heading has-text-align-center has-primary-color has-accent-3-background-color has-text-color has-background has-link-color wp-elements-df38d6ad2b223af8f392a21ac5858311\" style=\"border-top-left-radius:56px;border-top-right-radius:56px;border-bottom-left-radius:56px;border-bottom-right-radius:56px\">The Script (Team Roles)<\/h3>\n\n\n\n<p><\/p>\n\n\n\n\n\n<p><\/p>\n\n\n\n<p><\/p>\n\n\n\n\n\n<p><\/p>\n\n\n\n\n\n<p><\/p>\n\n\n\n<p class=\"has-primary-color has-accent-3-background-color has-text-color has-background has-link-color has-mdm-large-font-size wp-elements-86191d0399d1471a578e3d63e72dd5db\">A trav\u00e9s de esta pr\u00e1ctica, nuestro equipo ha completado con \u00e9xito un proyecto integral de comunicaci\u00f3n profesional que demuestra nuestra capacidad para operar eficazmente en contextos internacionales.<\/p>\n\n\n\n\n\n\n","protected":false},"excerpt":{"rendered":"<p>This practice, carried out by our group consisting of Hiba, Sergi, and myself, Adrian, involves recording a video message in English aimed at welcoming international participants. The project is part of a professional activity that seeks to develop communicative competencies in international contexts. The video message The Script (Team Roles) A trav\u00e9s de esta pr\u00e1ctica, [&hellip;]<\/p>\n","protected":false},"author":1,"featured_media":0,"parent":1557,"menu_order":1,"comment_status":"closed","ping_status":"closed","template":"","meta":{"saved_in_kubio":false,"_dseop_meta":"","_dseop_selected_keywords":"","footnotes":""},"class_list":["post-1561","page","type-page","status-publish","hentry"],"kubio_ai_page_context":{"short_desc":"","purpose":"general"},"yoast_head":"<!-- This site is optimized with the Yoast SEO plugin v27.5 - https:\/\/yoast.com\/product\/yoast-seo-wordpress\/ -->\n<title>Gravar un videomissatge donant la benvinguda als participants internacionals - Adrian Jaimes<\/title>\n<meta name=\"robots\" content=\"index, follow, max-snippet:-1, max-image-preview:large, max-video-preview:-1\" \/>\n<link rel=\"canonical\" href=\"https:\/\/ajaimes.inscastellbisbal.net\/?page_id=1561\" \/>\n<meta property=\"og:locale\" content=\"ca_ES\" \/>\n<meta property=\"og:type\" content=\"article\" \/>\n<meta property=\"og:title\" content=\"Gravar un videomissatge donant la benvinguda als participants internacionals - Adrian Jaimes\" \/>\n<meta property=\"og:description\" content=\"This practice, carried out by our group consisting of Hiba, Sergi, and myself, Adrian, involves recording a video message in English aimed at welcoming international participants. The project is part of a professional activity that seeks to develop communicative competencies in international contexts. The video message The Script (Team Roles) A trav\u00e9s de esta pr\u00e1ctica, [&hellip;]\" \/>\n<meta property=\"og:url\" content=\"https:\/\/ajaimes.inscastellbisbal.net\/?page_id=1561\" \/>\n<meta property=\"og:site_name\" content=\"Adrian Jaimes\" \/>\n<meta property=\"article:modified_time\" content=\"2026-02-09T07:29:32+00:00\" \/>\n<meta property=\"og:image\" content=\"https:\/\/hkadat.inscastellbisbal.net\/wp-content\/uploads\/2026\/02\/Gemini_Generated_Image_bq3343bq3343bq33-1-1-1024x962.png\" \/>\n<meta name=\"twitter:card\" content=\"summary_large_image\" \/>\n<meta name=\"twitter:label1\" content=\"Temps estimat de lectura\" \/>\n\t<meta name=\"twitter:data1\" content=\"2 minuts\" \/>\n<script type=\"application\/ld+json\" class=\"yoast-schema-graph\">{\"@context\":\"https:\\\/\\\/schema.org\",\"@graph\":[{\"@type\":\"WebPage\",\"@id\":\"https:\\\/\\\/ajaimes.inscastellbisbal.net\\\/?page_id=1561\",\"url\":\"https:\\\/\\\/ajaimes.inscastellbisbal.net\\\/?page_id=1561\",\"name\":\"Gravar un videomissatge donant la benvinguda als participants internacionals - Adrian Jaimes\",\"isPartOf\":{\"@id\":\"https:\\\/\\\/ajaimes.inscastellbisbal.net\\\/#website\"},\"primaryImageOfPage\":{\"@id\":\"https:\\\/\\\/ajaimes.inscastellbisbal.net\\\/?page_id=1561#primaryimage\"},\"image\":{\"@id\":\"https:\\\/\\\/ajaimes.inscastellbisbal.net\\\/?page_id=1561#primaryimage\"},\"thumbnailUrl\":\"https:\\\/\\\/hkadat.inscastellbisbal.net\\\/wp-content\\\/uploads\\\/2026\\\/02\\\/Gemini_Generated_Image_bq3343bq3343bq33-1-1-1024x962.png\",\"datePublished\":\"2026-01-16T07:51:52+00:00\",\"dateModified\":\"2026-02-09T07:29:32+00:00\",\"breadcrumb\":{\"@id\":\"https:\\\/\\\/ajaimes.inscastellbisbal.net\\\/?page_id=1561#breadcrumb\"},\"inLanguage\":\"ca\",\"potentialAction\":[{\"@type\":\"ReadAction\",\"target\":[\"https:\\\/\\\/ajaimes.inscastellbisbal.net\\\/?page_id=1561\"]}]},{\"@type\":\"ImageObject\",\"inLanguage\":\"ca\",\"@id\":\"https:\\\/\\\/ajaimes.inscastellbisbal.net\\\/?page_id=1561#primaryimage\",\"url\":\"https:\\\/\\\/hkadat.inscastellbisbal.net\\\/wp-content\\\/uploads\\\/2026\\\/02\\\/Gemini_Generated_Image_bq3343bq3343bq33-1-1-1024x962.png\",\"contentUrl\":\"https:\\\/\\\/hkadat.inscastellbisbal.net\\\/wp-content\\\/uploads\\\/2026\\\/02\\\/Gemini_Generated_Image_bq3343bq3343bq33-1-1-1024x962.png\"},{\"@type\":\"BreadcrumbList\",\"@id\":\"https:\\\/\\\/ajaimes.inscastellbisbal.net\\\/?page_id=1561#breadcrumb\",\"itemListElement\":[{\"@type\":\"ListItem\",\"position\":1,\"name\":\"Inici\",\"item\":\"https:\\\/\\\/ajaimes.inscastellbisbal.net\\\/\"},{\"@type\":\"ListItem\",\"position\":2,\"name\":\"1r SMX\",\"item\":\"https:\\\/\\\/ajaimes.inscastellbisbal.net\\\/?page_id=1084\"},{\"@type\":\"ListItem\",\"position\":3,\"name\":\"Repte 1.3\",\"item\":\"https:\\\/\\\/ajaimes.inscastellbisbal.net\\\/?page_id=1491\"},{\"@type\":\"ListItem\",\"position\":4,\"name\":\"0\ufe0f\u20e3 &#8211; \ud83d\udcc4 &#8211; Web de la LAN Party\",\"item\":\"https:\\\/\\\/ajaimes.inscastellbisbal.net\\\/?page_id=1557\"},{\"@type\":\"ListItem\",\"position\":5,\"name\":\"Gravar un videomissatge donant la benvinguda als participants internacionals\"}]},{\"@type\":\"WebSite\",\"@id\":\"https:\\\/\\\/ajaimes.inscastellbisbal.net\\\/#website\",\"url\":\"https:\\\/\\\/ajaimes.inscastellbisbal.net\\\/\",\"name\":\"Adrian Jaimes\",\"description\":\"S\u00f3c estudiant d&#039;inform\u00e0tica i aqu\u00ed podr\u00e0s veure el meu cam\u00ed acad\u00e8mic, els projectes que he realitzat i els coneixements que he adquirit durant la meva formaci\u00f3. Aquesta p\u00e0gina \u00e9s un reflex de la meva passi\u00f3 per la tecnologia i el meu comprom\u00eds per seguir aprenent i millorant cada dia.  Explora els meus treballs i seguiment acad\u00e8mic!\",\"publisher\":{\"@id\":\"https:\\\/\\\/ajaimes.inscastellbisbal.net\\\/#organization\"},\"potentialAction\":[{\"@type\":\"SearchAction\",\"target\":{\"@type\":\"EntryPoint\",\"urlTemplate\":\"https:\\\/\\\/ajaimes.inscastellbisbal.net\\\/?s={search_term_string}\"},\"query-input\":{\"@type\":\"PropertyValueSpecification\",\"valueRequired\":true,\"valueName\":\"search_term_string\"}}],\"inLanguage\":\"ca\"},{\"@type\":\"Organization\",\"@id\":\"https:\\\/\\\/ajaimes.inscastellbisbal.net\\\/#organization\",\"name\":\"Adrian Jaimes\",\"url\":\"https:\\\/\\\/ajaimes.inscastellbisbal.net\\\/\",\"logo\":{\"@type\":\"ImageObject\",\"inLanguage\":\"ca\",\"@id\":\"https:\\\/\\\/ajaimes.inscastellbisbal.net\\\/#\\\/schema\\\/logo\\\/image\\\/\",\"url\":\"https:\\\/\\\/ajaimes.inscastellbisbal.net\\\/wp-content\\\/uploads\\\/2025\\\/12\\\/cropped-cropped-cropped-width_550_009.webp\",\"contentUrl\":\"https:\\\/\\\/ajaimes.inscastellbisbal.net\\\/wp-content\\\/uploads\\\/2025\\\/12\\\/cropped-cropped-cropped-width_550_009.webp\",\"width\":512,\"height\":512,\"caption\":\"Adrian Jaimes\"},\"image\":{\"@id\":\"https:\\\/\\\/ajaimes.inscastellbisbal.net\\\/#\\\/schema\\\/logo\\\/image\\\/\"}}]}<\/script>\n<!-- \/ Yoast SEO plugin. -->","yoast_head_json":{"title":"Gravar un videomissatge donant la benvinguda als participants internacionals - Adrian Jaimes","robots":{"index":"index","follow":"follow","max-snippet":"max-snippet:-1","max-image-preview":"max-image-preview:large","max-video-preview":"max-video-preview:-1"},"canonical":"https:\/\/ajaimes.inscastellbisbal.net\/?page_id=1561","og_locale":"ca_ES","og_type":"article","og_title":"Gravar un videomissatge donant la benvinguda als participants internacionals - Adrian Jaimes","og_description":"This practice, carried out by our group consisting of Hiba, Sergi, and myself, Adrian, involves recording a video message in English aimed at welcoming international participants. The project is part of a professional activity that seeks to develop communicative competencies in international contexts. The video message The Script (Team Roles) A trav\u00e9s de esta pr\u00e1ctica, [&hellip;]","og_url":"https:\/\/ajaimes.inscastellbisbal.net\/?page_id=1561","og_site_name":"Adrian Jaimes","article_modified_time":"2026-02-09T07:29:32+00:00","og_image":[{"url":"https:\/\/hkadat.inscastellbisbal.net\/wp-content\/uploads\/2026\/02\/Gemini_Generated_Image_bq3343bq3343bq33-1-1-1024x962.png","type":"","width":"","height":""}],"twitter_card":"summary_large_image","twitter_misc":{"Temps estimat de lectura":"2 minuts"},"schema":{"@context":"https:\/\/schema.org","@graph":[{"@type":"WebPage","@id":"https:\/\/ajaimes.inscastellbisbal.net\/?page_id=1561","url":"https:\/\/ajaimes.inscastellbisbal.net\/?page_id=1561","name":"Gravar un videomissatge donant la benvinguda als participants internacionals - Adrian Jaimes","isPartOf":{"@id":"https:\/\/ajaimes.inscastellbisbal.net\/#website"},"primaryImageOfPage":{"@id":"https:\/\/ajaimes.inscastellbisbal.net\/?page_id=1561#primaryimage"},"image":{"@id":"https:\/\/ajaimes.inscastellbisbal.net\/?page_id=1561#primaryimage"},"thumbnailUrl":"https:\/\/hkadat.inscastellbisbal.net\/wp-content\/uploads\/2026\/02\/Gemini_Generated_Image_bq3343bq3343bq33-1-1-1024x962.png","datePublished":"2026-01-16T07:51:52+00:00","dateModified":"2026-02-09T07:29:32+00:00","breadcrumb":{"@id":"https:\/\/ajaimes.inscastellbisbal.net\/?page_id=1561#breadcrumb"},"inLanguage":"ca","potentialAction":[{"@type":"ReadAction","target":["https:\/\/ajaimes.inscastellbisbal.net\/?page_id=1561"]}]},{"@type":"ImageObject","inLanguage":"ca","@id":"https:\/\/ajaimes.inscastellbisbal.net\/?page_id=1561#primaryimage","url":"https:\/\/hkadat.inscastellbisbal.net\/wp-content\/uploads\/2026\/02\/Gemini_Generated_Image_bq3343bq3343bq33-1-1-1024x962.png","contentUrl":"https:\/\/hkadat.inscastellbisbal.net\/wp-content\/uploads\/2026\/02\/Gemini_Generated_Image_bq3343bq3343bq33-1-1-1024x962.png"},{"@type":"BreadcrumbList","@id":"https:\/\/ajaimes.inscastellbisbal.net\/?page_id=1561#breadcrumb","itemListElement":[{"@type":"ListItem","position":1,"name":"Inici","item":"https:\/\/ajaimes.inscastellbisbal.net\/"},{"@type":"ListItem","position":2,"name":"1r SMX","item":"https:\/\/ajaimes.inscastellbisbal.net\/?page_id=1084"},{"@type":"ListItem","position":3,"name":"Repte 1.3","item":"https:\/\/ajaimes.inscastellbisbal.net\/?page_id=1491"},{"@type":"ListItem","position":4,"name":"0\ufe0f\u20e3 &#8211; \ud83d\udcc4 &#8211; Web de la LAN Party","item":"https:\/\/ajaimes.inscastellbisbal.net\/?page_id=1557"},{"@type":"ListItem","position":5,"name":"Gravar un videomissatge donant la benvinguda als participants internacionals"}]},{"@type":"WebSite","@id":"https:\/\/ajaimes.inscastellbisbal.net\/#website","url":"https:\/\/ajaimes.inscastellbisbal.net\/","name":"Adrian Jaimes","description":"S\u00f3c estudiant d&#039;inform\u00e0tica i aqu\u00ed podr\u00e0s veure el meu cam\u00ed acad\u00e8mic, els projectes que he realitzat i els coneixements que he adquirit durant la meva formaci\u00f3. Aquesta p\u00e0gina \u00e9s un reflex de la meva passi\u00f3 per la tecnologia i el meu comprom\u00eds per seguir aprenent i millorant cada dia.  Explora els meus treballs i seguiment acad\u00e8mic!","publisher":{"@id":"https:\/\/ajaimes.inscastellbisbal.net\/#organization"},"potentialAction":[{"@type":"SearchAction","target":{"@type":"EntryPoint","urlTemplate":"https:\/\/ajaimes.inscastellbisbal.net\/?s={search_term_string}"},"query-input":{"@type":"PropertyValueSpecification","valueRequired":true,"valueName":"search_term_string"}}],"inLanguage":"ca"},{"@type":"Organization","@id":"https:\/\/ajaimes.inscastellbisbal.net\/#organization","name":"Adrian Jaimes","url":"https:\/\/ajaimes.inscastellbisbal.net\/","logo":{"@type":"ImageObject","inLanguage":"ca","@id":"https:\/\/ajaimes.inscastellbisbal.net\/#\/schema\/logo\/image\/","url":"https:\/\/ajaimes.inscastellbisbal.net\/wp-content\/uploads\/2025\/12\/cropped-cropped-cropped-width_550_009.webp","contentUrl":"https:\/\/ajaimes.inscastellbisbal.net\/wp-content\/uploads\/2025\/12\/cropped-cropped-cropped-width_550_009.webp","width":512,"height":512,"caption":"Adrian Jaimes"},"image":{"@id":"https:\/\/ajaimes.inscastellbisbal.net\/#\/schema\/logo\/image\/"}}]}},"jetpack_sharing_enabled":true,"_links":{"self":[{"href":"https:\/\/ajaimes.inscastellbisbal.net\/index.php?rest_route=\/wp\/v2\/pages\/1561","targetHints":{"allow":["GET"]}}],"collection":[{"href":"https:\/\/ajaimes.inscastellbisbal.net\/index.php?rest_route=\/wp\/v2\/pages"}],"about":[{"href":"https:\/\/ajaimes.inscastellbisbal.net\/index.php?rest_route=\/wp\/v2\/types\/page"}],"author":[{"embeddable":true,"href":"https:\/\/ajaimes.inscastellbisbal.net\/index.php?rest_route=\/wp\/v2\/users\/1"}],"replies":[{"embeddable":true,"href":"https:\/\/ajaimes.inscastellbisbal.net\/index.php?rest_route=%2Fwp%2Fv2%2Fcomments&post=1561"}],"version-history":[{"count":21,"href":"https:\/\/ajaimes.inscastellbisbal.net\/index.php?rest_route=\/wp\/v2\/pages\/1561\/revisions"}],"predecessor-version":[{"id":1975,"href":"https:\/\/ajaimes.inscastellbisbal.net\/index.php?rest_route=\/wp\/v2\/pages\/1561\/revisions\/1975"}],"up":[{"embeddable":true,"href":"https:\/\/ajaimes.inscastellbisbal.net\/index.php?rest_route=\/wp\/v2\/pages\/1557"}],"wp:attachment":[{"href":"https:\/\/ajaimes.inscastellbisbal.net\/index.php?rest_route=%2Fwp%2Fv2%2Fmedia&parent=1561"}],"curies":[{"name":"wp","href":"https:\/\/api.w.org\/{rel}","templated":true}]}}