{"id":1160,"date":"2025-12-18T11:53:47","date_gmt":"2025-12-18T11:53:47","guid":{"rendered":"https:\/\/ajaimes.inscastellbisbal.net\/?page_id=1160"},"modified":"2026-01-12T07:16:56","modified_gmt":"2026-01-12T07:16:56","slug":"creacio-de-proves-linguistiques","status":"publish","type":"page","link":"https:\/\/ajaimes.inscastellbisbal.net\/?page_id=1160","title":{"rendered":"Creaci\u00f3 de proves ling\u00fc\u00edstiques"},"content":{"rendered":"\n<p>En aquesta pr\u00e0ctica hem hagut de crear unes proves ling\u00fc\u00edstiques per a cada curs que hem creat. Al Moodle hi ha dues maneres de crear preguntes: una \u00e9s la manual i l&#8217;altra \u00e9s fent una c\u00e0rrega massiva de preguntes amb un estil gen\u00e8ric.<\/p>\n\n\n\n<p>Nosaltres hem utilitzat la manera m\u00e9s f\u00e0cil, que \u00e9s una c\u00e0rrega massiva des d&#8217;un fitxer. Per poder simplificar-nos m\u00e9s, hem utilitzat diferents tipus de programes d&#8217;IA per poder crear les nostres preguntes, per\u00f2 totes utilitzant el mateix prompt:<\/p>\n\n\n\n<p><strong>Prompt utilitzat:<\/strong><\/p>\n\n\n\n<blockquote class=\"wp-block-quote is-layout-flow wp-block-quote-is-layout-flow\">\n<p>&#8220;Necessito que generis 40 preguntes per a una Olimp\u00edada de la Llengua Catalana. Hi ha 4 apartats: Vocabulari, Gram\u00e0tica, Ortografia i Expressi\u00f3 Escrita (10 preguntes per cadascun). Aquestes preguntes han de ser aptes per a alumnes de 1r a 4t d&#8217;ESO, per tant han de tenir un nivell de dificultat moderat. Per simplificar l&#8217;exportaci\u00f3 a Moodle, totes les 40 preguntes han de ser de Resposta Curta \/ Tipus Test. Un cop generades i revisades, necessito el llistat de preguntes i respostes en format de fitxer GIFT per poder importar-lo al Moodle.&#8221;<\/p>\n<\/blockquote>\n\n\n\n<h4 class=\"wp-block-heading has-primary-color has-text-color has-link-color wp-elements-055ca70fd8b69aa2c36acd70f7e8eabe\">PROCEDIMENT AL MOODLE<\/h4>\n\n\n\n<ol start=\"1\" class=\"wp-block-list\">\n<li><strong>Preparaci\u00f3 del fitxer:<\/strong> Un cop tenim les preguntes finalitzades en format GIFT, anem al nostre Moodle.<\/li>\n\n\n\n<li><strong>Banc de preguntes:<\/strong> Entrem dins del nostre q\u00fcestionari (per exemple, &#8220;Prova ling\u00fc\u00edstica 1r&#8221;) i seleccionem el banc de preguntes.<\/li>\n\n\n\n<li><strong>Importaci\u00f3:<\/strong> Anem a la funci\u00f3 de &#8220;Importar&#8221;. Aqu\u00ed hem de seleccionar obligat\u00f2riament el <strong>format GIFT<\/strong>.<\/li>\n\n\n\n<li><strong>Pujar el fitxer:<\/strong> Triem el nostre fitxer i el pugem al sistema.<\/li>\n<\/ol>\n\n\n\n<h4 class=\"wp-block-heading has-primary-color has-text-color has-link-color wp-elements-dfc215f5b0615dbc23a7ab58ee73d4d3\">CONCLUSI\u00d3<\/h4>\n\n\n\n<p>El proc\u00e9s per crear proves ling\u00fc\u00edstiques a Moodle ha estat excel\u00b7lent gr\u00e0cies a l&#8217;\u00fas d&#8217;un prompt molt detallat a la IA, que va garantir la qualitat, coher\u00e8ncia i pertinen\u00e7a de les 40 preguntes generades. Aquesta precisi\u00f3 va assegurar que el fitxer GIFT fos perfecte, permetent una c\u00e0rrega massiva sense errors a Moodle. La IA va proporcionar una efici\u00e8ncia m\u00e0xima en la generaci\u00f3 de contingut, mentre que la funci\u00f3 del docent es va centrar en revisar i validar el material.<\/p>\n\n\n\n<hr class=\"wp-block-separator has-alpha-channel-opacity\"\/>\n\n\n\n<p><\/p>\n","protected":false},"excerpt":{"rendered":"<p>En aquesta pr\u00e0ctica hem hagut de crear unes proves ling\u00fc\u00edstiques per a cada curs que hem creat. Al Moodle hi ha dues maneres de crear preguntes: una \u00e9s la manual i l&#8217;altra \u00e9s fent una c\u00e0rrega massiva de preguntes amb un estil gen\u00e8ric. Nosaltres hem utilitzat la manera m\u00e9s f\u00e0cil, que \u00e9s una c\u00e0rrega massiva [&hellip;]<\/p>\n","protected":false},"author":1,"featured_media":0,"parent":1212,"menu_order":0,"comment_status":"closed","ping_status":"closed","template":"","meta":{"saved_in_kubio":false,"_dseop_meta":"","_dseop_selected_keywords":"","footnotes":""},"class_list":["post-1160","page","type-page","status-publish","hentry"],"kubio_ai_page_context":{"short_desc":"","purpose":"general"},"yoast_head":"<!-- This site is optimized with the Yoast SEO plugin v27.5 - https:\/\/yoast.com\/product\/yoast-seo-wordpress\/ -->\n<title>Creaci\u00f3 de proves ling\u00fc\u00edstiques - Adrian Jaimes<\/title>\n<meta name=\"robots\" content=\"index, follow, max-snippet:-1, max-image-preview:large, max-video-preview:-1\" \/>\n<link rel=\"canonical\" href=\"https:\/\/ajaimes.inscastellbisbal.net\/?page_id=1160\" \/>\n<meta property=\"og:locale\" content=\"ca_ES\" \/>\n<meta property=\"og:type\" content=\"article\" \/>\n<meta property=\"og:title\" content=\"Creaci\u00f3 de proves ling\u00fc\u00edstiques - Adrian Jaimes\" \/>\n<meta property=\"og:description\" content=\"En aquesta pr\u00e0ctica hem hagut de crear unes proves ling\u00fc\u00edstiques per a cada curs que hem creat. Al Moodle hi ha dues maneres de crear preguntes: una \u00e9s la manual i l&#8217;altra \u00e9s fent una c\u00e0rrega massiva de preguntes amb un estil gen\u00e8ric. Nosaltres hem utilitzat la manera m\u00e9s f\u00e0cil, que \u00e9s una c\u00e0rrega massiva [&hellip;]\" \/>\n<meta property=\"og:url\" content=\"https:\/\/ajaimes.inscastellbisbal.net\/?page_id=1160\" \/>\n<meta property=\"og:site_name\" content=\"Adrian Jaimes\" \/>\n<meta property=\"article:modified_time\" content=\"2026-01-12T07:16:56+00:00\" \/>\n<meta name=\"twitter:card\" content=\"summary_large_image\" \/>\n<meta name=\"twitter:label1\" content=\"Temps estimat de lectura\" \/>\n\t<meta name=\"twitter:data1\" content=\"2 minuts\" \/>\n<script type=\"application\/ld+json\" class=\"yoast-schema-graph\">{\"@context\":\"https:\\\/\\\/schema.org\",\"@graph\":[{\"@type\":\"WebPage\",\"@id\":\"https:\\\/\\\/ajaimes.inscastellbisbal.net\\\/?page_id=1160\",\"url\":\"https:\\\/\\\/ajaimes.inscastellbisbal.net\\\/?page_id=1160\",\"name\":\"Creaci\u00f3 de proves ling\u00fc\u00edstiques - Adrian Jaimes\",\"isPartOf\":{\"@id\":\"https:\\\/\\\/ajaimes.inscastellbisbal.net\\\/#website\"},\"datePublished\":\"2025-12-18T11:53:47+00:00\",\"dateModified\":\"2026-01-12T07:16:56+00:00\",\"breadcrumb\":{\"@id\":\"https:\\\/\\\/ajaimes.inscastellbisbal.net\\\/?page_id=1160#breadcrumb\"},\"inLanguage\":\"ca\",\"potentialAction\":[{\"@type\":\"ReadAction\",\"target\":[\"https:\\\/\\\/ajaimes.inscastellbisbal.net\\\/?page_id=1160\"]}]},{\"@type\":\"BreadcrumbList\",\"@id\":\"https:\\\/\\\/ajaimes.inscastellbisbal.net\\\/?page_id=1160#breadcrumb\",\"itemListElement\":[{\"@type\":\"ListItem\",\"position\":1,\"name\":\"Inici\",\"item\":\"https:\\\/\\\/ajaimes.inscastellbisbal.net\\\/\"},{\"@type\":\"ListItem\",\"position\":2,\"name\":\"1r SMX\",\"item\":\"https:\\\/\\\/ajaimes.inscastellbisbal.net\\\/?page_id=1084\"},{\"@type\":\"ListItem\",\"position\":3,\"name\":\"Repte 1.2\",\"item\":\"https:\\\/\\\/ajaimes.inscastellbisbal.net\\\/?page_id=1220\"},{\"@type\":\"ListItem\",\"position\":4,\"name\":\"4\ufe0f\u20e3 &#8211; \ud83c\udf93 &#8211; Servidor Moodle\",\"item\":\"https:\\\/\\\/ajaimes.inscastellbisbal.net\\\/?page_id=1212\"},{\"@type\":\"ListItem\",\"position\":5,\"name\":\"Creaci\u00f3 de proves ling\u00fc\u00edstiques\"}]},{\"@type\":\"WebSite\",\"@id\":\"https:\\\/\\\/ajaimes.inscastellbisbal.net\\\/#website\",\"url\":\"https:\\\/\\\/ajaimes.inscastellbisbal.net\\\/\",\"name\":\"Adrian Jaimes\",\"description\":\"S\u00f3c estudiant d&#039;inform\u00e0tica i aqu\u00ed podr\u00e0s veure el meu cam\u00ed acad\u00e8mic, els projectes que he realitzat i els coneixements que he adquirit durant la meva formaci\u00f3. Aquesta p\u00e0gina \u00e9s un reflex de la meva passi\u00f3 per la tecnologia i el meu comprom\u00eds per seguir aprenent i millorant cada dia.  Explora els meus treballs i seguiment acad\u00e8mic!\",\"publisher\":{\"@id\":\"https:\\\/\\\/ajaimes.inscastellbisbal.net\\\/#organization\"},\"potentialAction\":[{\"@type\":\"SearchAction\",\"target\":{\"@type\":\"EntryPoint\",\"urlTemplate\":\"https:\\\/\\\/ajaimes.inscastellbisbal.net\\\/?s={search_term_string}\"},\"query-input\":{\"@type\":\"PropertyValueSpecification\",\"valueRequired\":true,\"valueName\":\"search_term_string\"}}],\"inLanguage\":\"ca\"},{\"@type\":\"Organization\",\"@id\":\"https:\\\/\\\/ajaimes.inscastellbisbal.net\\\/#organization\",\"name\":\"Adrian Jaimes\",\"url\":\"https:\\\/\\\/ajaimes.inscastellbisbal.net\\\/\",\"logo\":{\"@type\":\"ImageObject\",\"inLanguage\":\"ca\",\"@id\":\"https:\\\/\\\/ajaimes.inscastellbisbal.net\\\/#\\\/schema\\\/logo\\\/image\\\/\",\"url\":\"https:\\\/\\\/ajaimes.inscastellbisbal.net\\\/wp-content\\\/uploads\\\/2025\\\/12\\\/cropped-cropped-cropped-width_550_009.webp\",\"contentUrl\":\"https:\\\/\\\/ajaimes.inscastellbisbal.net\\\/wp-content\\\/uploads\\\/2025\\\/12\\\/cropped-cropped-cropped-width_550_009.webp\",\"width\":512,\"height\":512,\"caption\":\"Adrian Jaimes\"},\"image\":{\"@id\":\"https:\\\/\\\/ajaimes.inscastellbisbal.net\\\/#\\\/schema\\\/logo\\\/image\\\/\"}}]}<\/script>\n<!-- \/ Yoast SEO plugin. -->","yoast_head_json":{"title":"Creaci\u00f3 de proves ling\u00fc\u00edstiques - Adrian Jaimes","robots":{"index":"index","follow":"follow","max-snippet":"max-snippet:-1","max-image-preview":"max-image-preview:large","max-video-preview":"max-video-preview:-1"},"canonical":"https:\/\/ajaimes.inscastellbisbal.net\/?page_id=1160","og_locale":"ca_ES","og_type":"article","og_title":"Creaci\u00f3 de proves ling\u00fc\u00edstiques - Adrian Jaimes","og_description":"En aquesta pr\u00e0ctica hem hagut de crear unes proves ling\u00fc\u00edstiques per a cada curs que hem creat. Al Moodle hi ha dues maneres de crear preguntes: una \u00e9s la manual i l&#8217;altra \u00e9s fent una c\u00e0rrega massiva de preguntes amb un estil gen\u00e8ric. Nosaltres hem utilitzat la manera m\u00e9s f\u00e0cil, que \u00e9s una c\u00e0rrega massiva [&hellip;]","og_url":"https:\/\/ajaimes.inscastellbisbal.net\/?page_id=1160","og_site_name":"Adrian Jaimes","article_modified_time":"2026-01-12T07:16:56+00:00","twitter_card":"summary_large_image","twitter_misc":{"Temps estimat de lectura":"2 minuts"},"schema":{"@context":"https:\/\/schema.org","@graph":[{"@type":"WebPage","@id":"https:\/\/ajaimes.inscastellbisbal.net\/?page_id=1160","url":"https:\/\/ajaimes.inscastellbisbal.net\/?page_id=1160","name":"Creaci\u00f3 de proves ling\u00fc\u00edstiques - Adrian Jaimes","isPartOf":{"@id":"https:\/\/ajaimes.inscastellbisbal.net\/#website"},"datePublished":"2025-12-18T11:53:47+00:00","dateModified":"2026-01-12T07:16:56+00:00","breadcrumb":{"@id":"https:\/\/ajaimes.inscastellbisbal.net\/?page_id=1160#breadcrumb"},"inLanguage":"ca","potentialAction":[{"@type":"ReadAction","target":["https:\/\/ajaimes.inscastellbisbal.net\/?page_id=1160"]}]},{"@type":"BreadcrumbList","@id":"https:\/\/ajaimes.inscastellbisbal.net\/?page_id=1160#breadcrumb","itemListElement":[{"@type":"ListItem","position":1,"name":"Inici","item":"https:\/\/ajaimes.inscastellbisbal.net\/"},{"@type":"ListItem","position":2,"name":"1r SMX","item":"https:\/\/ajaimes.inscastellbisbal.net\/?page_id=1084"},{"@type":"ListItem","position":3,"name":"Repte 1.2","item":"https:\/\/ajaimes.inscastellbisbal.net\/?page_id=1220"},{"@type":"ListItem","position":4,"name":"4\ufe0f\u20e3 &#8211; \ud83c\udf93 &#8211; Servidor Moodle","item":"https:\/\/ajaimes.inscastellbisbal.net\/?page_id=1212"},{"@type":"ListItem","position":5,"name":"Creaci\u00f3 de proves ling\u00fc\u00edstiques"}]},{"@type":"WebSite","@id":"https:\/\/ajaimes.inscastellbisbal.net\/#website","url":"https:\/\/ajaimes.inscastellbisbal.net\/","name":"Adrian Jaimes","description":"S\u00f3c estudiant d&#039;inform\u00e0tica i aqu\u00ed podr\u00e0s veure el meu cam\u00ed acad\u00e8mic, els projectes que he realitzat i els coneixements que he adquirit durant la meva formaci\u00f3. Aquesta p\u00e0gina \u00e9s un reflex de la meva passi\u00f3 per la tecnologia i el meu comprom\u00eds per seguir aprenent i millorant cada dia.  Explora els meus treballs i seguiment acad\u00e8mic!","publisher":{"@id":"https:\/\/ajaimes.inscastellbisbal.net\/#organization"},"potentialAction":[{"@type":"SearchAction","target":{"@type":"EntryPoint","urlTemplate":"https:\/\/ajaimes.inscastellbisbal.net\/?s={search_term_string}"},"query-input":{"@type":"PropertyValueSpecification","valueRequired":true,"valueName":"search_term_string"}}],"inLanguage":"ca"},{"@type":"Organization","@id":"https:\/\/ajaimes.inscastellbisbal.net\/#organization","name":"Adrian Jaimes","url":"https:\/\/ajaimes.inscastellbisbal.net\/","logo":{"@type":"ImageObject","inLanguage":"ca","@id":"https:\/\/ajaimes.inscastellbisbal.net\/#\/schema\/logo\/image\/","url":"https:\/\/ajaimes.inscastellbisbal.net\/wp-content\/uploads\/2025\/12\/cropped-cropped-cropped-width_550_009.webp","contentUrl":"https:\/\/ajaimes.inscastellbisbal.net\/wp-content\/uploads\/2025\/12\/cropped-cropped-cropped-width_550_009.webp","width":512,"height":512,"caption":"Adrian Jaimes"},"image":{"@id":"https:\/\/ajaimes.inscastellbisbal.net\/#\/schema\/logo\/image\/"}}]}},"jetpack_sharing_enabled":true,"_links":{"self":[{"href":"https:\/\/ajaimes.inscastellbisbal.net\/index.php?rest_route=\/wp\/v2\/pages\/1160","targetHints":{"allow":["GET"]}}],"collection":[{"href":"https:\/\/ajaimes.inscastellbisbal.net\/index.php?rest_route=\/wp\/v2\/pages"}],"about":[{"href":"https:\/\/ajaimes.inscastellbisbal.net\/index.php?rest_route=\/wp\/v2\/types\/page"}],"author":[{"embeddable":true,"href":"https:\/\/ajaimes.inscastellbisbal.net\/index.php?rest_route=\/wp\/v2\/users\/1"}],"replies":[{"embeddable":true,"href":"https:\/\/ajaimes.inscastellbisbal.net\/index.php?rest_route=%2Fwp%2Fv2%2Fcomments&post=1160"}],"version-history":[{"count":2,"href":"https:\/\/ajaimes.inscastellbisbal.net\/index.php?rest_route=\/wp\/v2\/pages\/1160\/revisions"}],"predecessor-version":[{"id":1432,"href":"https:\/\/ajaimes.inscastellbisbal.net\/index.php?rest_route=\/wp\/v2\/pages\/1160\/revisions\/1432"}],"up":[{"embeddable":true,"href":"https:\/\/ajaimes.inscastellbisbal.net\/index.php?rest_route=\/wp\/v2\/pages\/1212"}],"wp:attachment":[{"href":"https:\/\/ajaimes.inscastellbisbal.net\/index.php?rest_route=%2Fwp%2Fv2%2Fmedia&parent=1160"}],"curies":[{"name":"wp","href":"https:\/\/api.w.org\/{rel}","templated":true}]}}